12. Let f = d - i. What are the prime factors of f?
2, 3
Suppose 0 = 3*n + 3*g - 81, 3*n - 4*n + 2*g = -15. Let x = n - 14. List the prime factors of x.
3
What are the prime factors of (302/(-5))/((-8)/20)?
151
Suppose 5*c - 4*t - 261 = 295, -333 = -3*c + 3*t. What are the prime factors of c?
2, 7
Let n be 0 + -1 - (-6 + 3). Suppose -2*d = n*v + 16, v - 4*v - 23 = 4*d. What are the prime factors of (0 - v/(-4))*-4?
3
Suppose 2*d + 14 = 2*z, 4*d - 51 + 7 = -2*z. List the prime factors of z.
2, 3
Let s(d) be the second derivative of -d**5/20 - d**4/6 - 2*d**3/3 - d**2/2 - 2*d. What are the prime factors of s(-3)?
2, 5
Let u(j) = j**2 + 4*j + 4. Let d be u(-8). Let h = 55 - d. What are the prime factors of h?
19
Let z be (2 + 0 - 6)*-1. Suppose a - 4*n + 10 = 0, 2*n = -a + z*n - 4. Suppose a*o + 3 - 25 = 0. List the prime factors of o.
11
Let f = 231 + -98. List the prime factors of f.
7, 19
Let x = 65 - -132. What are the prime factors of x?
197
Let q(g) = 2*g. Let p be q(1). Let w(v) = -p*v + 5 + 1 - 3*v + 4*v. List the prime factors of w(3).
3
Let p = 35 - -16. What are the prime factors of p?
3, 17
Let g(t) be the second derivative of t**4/12 + t**3/6 + t. List the prime factors of g(-5).
2, 5
Suppose w + 3 = -3. Let z be w/(-9) + 12/9. Suppose -z = -2*p + 24. What are the prime factors of p?
13
Suppose -5*b - 1 = -11, 4*s = 2*b - 64. What are the prime factors of s/10*20/(-1)?
2, 3, 5
Suppose -2*l = 4*g - 18, 4*l = 3*g - 5*g. What are the prime factors of (42/(-5))/(g/(-15))?
3, 7
Let t be (-5)/(-1) - 3 - 0. Suppose -t*m + m + 18 = 2*w, 4*w - 42 = -5*m. List the prime factors of w.
2
Let p(y) = y + 4. Let g be p(-6). Let h be 3/3 - (-33 + g). Suppose -5*x + 9 = -h. List the prime factors of x.
3
Let r be ((-9)/(-5))/((-3)/(-15)). Suppose -4*u = -3*q - r, 3*u - 4 = -q + 19. What are the prime factors of u?
2, 3
Suppose 0 = 3*l - 2*l - 54. Suppose -4*q = -5*i - 3*q + l, 16 = -4*q. What are the prime factors of i?
2, 5
Let b(p) = -p**2 + 2*p**3 + p**2 + p**2. Let f be b(1). Suppose 44 - 8 = f*v. List the prime factors of v.
2, 3
Suppose 37 = 4*t + 9. Let x = t + -2. Suppose 30 = -2*l + x*l. What are the prime factors of l?
2, 5
What are the prime factors of 934/(-3)*-1 + (-16)/(-24)?
2, 3, 13
Suppose 3*f - 2*k + 68 = 0, 0 = -0*k + 2*k + 10. Let w = -7 - f. What are the prime factors of w?
19
Suppose 0*k - 14 = 2*k. Let q = k + 14. What are the prime factors of q?
7
List the prime factors of 16/4 - 33*-2.
2, 5, 7
Let n(r) = -r**2 - 15*r - 4. Suppose -f - 3*m = 17, -2*f + 5*f + 38 = 4*m. What are the prime factors of n(f)?
2, 5
Let g(r) = r**2 - 10*r + 14. List the prime factors of g(15).
89
Suppose 0 = -7*g + 2*g - 5*m + 35, -3*g + 26 = -2*m. Let y = 11 - g. Let a = y - 1. What are the prime factors of a?
2
Suppose 6 = w + 1. Let o(n) = -n**3 + 7*n**2 - 7*n - 1. What are the prime factors of o(w)?
2, 7
Let a(v) = -v**2 - 10*v + 12. List the prime factors of a(-8).
2, 7
Let q be (-26)/(-3)*(-21)/(-14). What are the prime factors of (q - -1) + (-4 - -1)?
11
Let v(j) = j**2 - 3*j + 8. What are the prime factors of v(7)?
2, 3
Suppose 3*b - 11 - 4 = 0. Suppose -4 - b = -3*f. Suppose -h = -f*h + 6. What are the prime factors of h?
3
Let j = -11 - -11. Suppose 3*q + l - 165 = -l, -q + 4*l + 55 = j. What are the prime factors of q?
5, 11
What are the prime factors of 222/27 - (-4)/(-18)?
2
Let z = -6 + 9. Suppose -3*c + 5*r - 16 = -0, 0 = z*c - 2*r + 1. Suppose -c*x + 29 - 11 = 0. What are the prime factors of x?
2, 3
Suppose 2*y + 2*d = 224 + 394, 0 = -y + 2*d + 303. What are the prime factors of y?
307
Let o(h) = 9*h**2 - 11*h + 15. List the prime factors of o(5).
5, 37
Let d(w) be the first derivative of -w**2/2 + 21*w - 3. Let p be d(0). Suppose -4*k + 5*q + 12 + 20 = 0, -p = -3*k + 3*q. List the prime factors of k.
3
Suppose 0*t - 20 = -2*t. Suppose -2*k - 54 = -t. Let f = -12 - k. What are the prime factors of f?
2, 5
Let y = 14 - 10. Suppose 3*x = 0, y*l - 33 = 4*x - 5. List the prime factors of l.
7
Let v be ((-7)/(-3))/(1/3). Let w(m) = m + 6. Let g be w(8). Let z = g - v. List the prime factors of z.
7
Let w = 272 + -28. List the prime factors of w.
2, 61
Let b(c) = c**3 - 5*c**2 + 5*c - 2. Suppose 0 = -3*r - 3*w + 15, -26 = -5*r + 2*w + 20. Suppose 0 = 5*h + r - 28. What are the prime factors of b(h)?
2
Let v = 15 - 10. Suppose -k + 4*k - 106 = -v*s, -4*k + 149 = -s. List the prime factors of k.
37
Let y = -108 + 171. What are the prime factors of y?
3, 7
Let a(z) = z**2 + 8*z + 8. Let j be a(-7). Let t be 9/(-6)*6/j. List the prime factors of (-34)/t - (-4)/18.
2
Let j(d) be the second derivative of 2*d**5/5 - 2*d. Let n be j(-2). What are the prime factors of n/(-6)*(-12)/(-8)?
2
Suppose 2*y + 2*l = 18, 2*y - y = -4*l + 21. Suppose 71 = y*q - 79. Suppose -4*c + 2*d = -q, -5*c + 5*d + 19 + 21 = 0. List the prime factors of c.
7
Suppose 81*l + 180 = 86*l. What are the prime factors of l?
2, 3
Suppose -2*f + f = -1. Let l(x) = 7*x**2 - 2*x + 1. Let p be l(f). Suppose 8 = 2*j - p. What are the prime factors of j?
7
Suppose -145 = -11*m + 6*m. List the prime factors of m.
29
Let p(i) = -i**2 - 5*i - 4. Let h be p(-4). Suppose h*f - 12 = 4*f. Let r = 9 + f. What are the prime factors of r?
2, 3
List the prime factors of (-74)/(-12) - (-5)/(-30).
2, 3
Suppose 90 = -3*x + 6*l - 3*l, 4*x + l = -110. Let a = x + 48. Suppose -3*f + a = 4*n, -4*f - 3*n + 37 = 1. List the prime factors of f.
2, 3
Let j be 0 - (-7 - -2) - 2. Suppose 5*c = l - 58, -5*l + j*c + 11 = -191. Suppose -4*u + l = 5*g, 2*g = -u + 12 + 2. List the prime factors of g.
2, 3
Suppose 2*n + 3*n = -3*i - 78, 0 = -2*n. Let j = i - -55. What are the prime factors of j?
29
Let y(c) = 8*c + 7. Let j be y(4). Let d = j + -21. List the prime factors of d.
2, 3
Let s(y) = -2*y + 17. What are the prime factors of s(-12)?
41
Let x(o) = -o**2 + 9*o - 4. Let d be x(7). Suppose 4*i - d = 30. What are the prime factors of i?
2, 5
What are the prime factors of 1375/11 + (-2 - 4/(-2))?
5
Suppose 0 = 8*r - 1279 - 57. What are the prime factors of r?
167
What are the prime factors of 4/(-4)*1 + 66?
5, 13
Let r = -198 + 257. List the prime factors of r.
59
Suppose 4*m = m + 6. Suppose -28 = -m*v - 20. List the prime factors of v.
2
List the prime factors of -1 - 2 - 440/(-4).
107
Let m(v) = -v**3 - 7*v**2 + 12*v + 5. Let x be m(-9). Suppose 0 = -5*z + y + x, 5*z - y - 64 = -5*y. What are the prime factors of z?
2, 3
Let s = -95 - -139. Suppose x - s = -3*x. List the prime factors of x.
11
Suppose -2*z = -3*q + 2*q - 429, z - 201 = 5*q. What are the prime factors of z?
2, 3
Let r(p) = -144*p**3 - p**2 - 2*p. What are the prime factors of r(-1)?
5, 29
Let q = -5 - -3. What are the prime factors of (-1)/(-3)*(-18)/q?
3
Let q(b) = b**2 + 5*b + 8. Let p be q(-4). Suppose -12 = -7*y + p*y. What are the prime factors of y?
2
Suppose -2*q = -q - 299. Let h = q + -173. List the prime factors of 4/10 - h/(-10).
13
Let d(o) = -9 - 4*o + o - 3*o. Let q be d(-6). List the prime factors of 141/q + (-4)/18.
5
Suppose 0 = 2*i + 3*i - 4*v - 266, -5*i = 5*v - 230. What are the prime factors of i?
2, 5
Suppose 2*l = 4*l + 4146. Let k be l/21 + (-6)/21. List the prime factors of -1 + (k/(-3))/3.
2, 5
Suppose h - 16 = -l, -3*l + 8 + 19 = 2*h. List the prime factors of h.
3, 7
Let w(a) = -a**2 + 9*a + 6. Let x(i) = i + 1. Let l be x(6). Let q be w(l). Suppose -5*z - f + 5*f = -q, 23 = z + 3*f. What are the prime factors of z?
2
Let k = -3 + 3. Let l be (k*(-1)/2)/1. Let r = 15 - l. What are the prime factors of r?
3, 5
Let m = 392 - 209. What are the prime factors of m?
3, 61
Let l be ((-12)/5)/(2/(-5)). Let h(p) = p**3 - 7*p**2 + 9*p - 3. What are the prime factors of h(l)?
3, 5
Let i(g) = g**2 + 1. Let f be i(0). Suppose -2*q + 13 = p + 5, -q = 3*p + f. List the prime factors of q.
5
Suppose 5*d - 169 - 85 = 4*x, 146 = 3*d - 4*x. List the prime factors of d.
2, 3
Let d = 16 + -14. Let a = d - -1. What are the prime factors of a?
3
Let s be 6/5*(-5)/(-2). Let h be (54/(-30))/(s/(-10)). What are the prime factors of h/5*50/4?
3, 5
Let r(u) = -4*u - 7. Let m(t) = -5*t - 6. Let i(k) = -2*m(k) + 3*r(k). What are the prime factors of i(-7)?
5
Suppose 0 = 3*w + 124 - 424. What are the prime factors of w?
2, 5
Suppose 5*w = 1 